46 divide 13315108?
False
Is 142469189 a multiple of 9238?
False
Does 2000 divide 57994000?
True
Is 575 a factor of 59133000?
True
Is 221 a factor of 2136570468?
False
Is 756669640 a multiple of 230?
True
Is 35611915 a multiple of 2716?
False
Is 265 a factor of 109101825?
True
Is 363 a factor of 8044391?
False
Is 49923263 a multiple of 1858?
False
Is 7 a factor of 24240402?
False
Is 121 a factor of 70998686?
True
Does 2317 divide 825922454?
True
Is 8 a factor of 25224584?
True
Does 1828 divide 96253465?
False
Does 1119 divide 19593555?
False
Is 93 a factor of 3288444753?
True
Is 330821801 a multiple of 31?
True
Does 1358 divide 104546858?
False
Is 450703475 a multiple of 13?
False
Is 999 a factor of 20598084?
False
Is 855 a factor of 51491397?
False
Does 13 divide 49345870?
False
Is 312 a factor of 4082208?
True
Is 43530228 a multiple of 49?
True
Is 1518337 a multiple of 14?
False
Is 1246 a factor of 16639084?
True
Is 309 a factor of 102300630?
True
Is 32 a factor of 5512116640?
True
Is 5642048803 a multiple of 56?
False
Is 141477258 a multiple of 417?
True
Is 384920180 a multiple of 31?
True
Is 8124720 a multiple of 1745?
True
Is 375 a factor of 30405000?
True
Is 208 a factor of 18754465?
False
Is 1058 a factor of 4373772?
True
Is 76405601 a multiple of 63?
False
Is 16 a factor of 42024048?
True
Is 5031465 a multiple of 117?
False
Is 1175 a factor of 156741971?
False
Is 942 a factor of 178322484?
True
Does 2 divide 19257475?
False
Does 43 divide 66753243?
True
Does 1224 divide 46362672?
True
Is 67 a factor of 35939218?
False
Is 640 a factor of 39400701?
False
Is 1494 a factor of 2409822?
True
Is 6688853 a multiple of 8?
False
Is 11 a factor of 162133411?
True
Does 6 divide 15935106?
True
Is 35 a factor of 847782272?
False
Is 287257555 a multiple of 65?
True
Does 22 divide 84345326?
False
Does 8568 divide 334331928?
True
Is 272569800 a multiple of 120?
True
Is 67529296 a multiple of 632?
False
Does 4477 divide 561130577?
False
Is 97687291 a multiple of 611?
True
Is 465 a factor of 9934423?
False
Does 348 divide 194304830?
False
Is 2757 a factor of 87515451?
True
Is 481 a factor of 1109490473?
True
Is 186 a factor of 904580124?
True
Is 15329358 a multiple of 193?
False
Is 6868 a factor of 857584994?
False
Is 5628030 a multiple of 2?
True
Is 17 a factor of 1460136108?
False
Does 4275 divide 2255143725?
True
Is 669 a factor of 7945725?
False
Does 84 divide 1320237?
False
Is 17 a factor of 9988418?
True
Is 136 a factor of 165913880?
True
Is 709071480 a multiple of 20?
True
Is 5 a factor of 4163835?
True
Is 37902643 a multiple of 23?
True
Is 4309753645 a multiple of 848?
False
Is 6105912 a multiple of 12?
True
Does 2362 divide 69369578?
True
Does 6084 divide 3988092420?
True
Is 113126899 a multiple of 1826?
False
Is 2790584025 a multiple of 4605?
False
Is 16 a factor of 4293117?
False
Does 1703 divide 130494078?
True
Is 21 a factor of 85747517?
False
Does 643 divide 242128311?
False
Is 30 a factor of 4250512896?
False
Is 35 a factor of 344214570?
True
Does 6 divide 1722132?
True
Is 12 a factor of 1236575635?
False
Does 122 divide 67555670?
True
Does 479 divide 30898374?
True
Does 17 divide 33815788?
True
Is 7 a factor of 40470194?
False
Does 10 divide 476175050?
True
Is 921396782 a multiple of 167?
True
Is 750 a factor of 1734850849?
False
Is 1039 a factor of 32432391?
False
Is 85210105 a multiple of 1973?
False
Is 462397719 a multiple of 6949?
False
Is 76 a factor of 7780272?
True
Does 32 divide 6688159?
False
Is 927 a factor of 809073470?
False
Does 314 divide 516032624?
True
Does 24 divide 13933653?
False
Is 45284256 a multiple of 363?
False
Is 345 a factor of 3373207485?
True
Does 32 divide 28422622?
False
Is 13 a factor of 96660299?
False
Does 15 divide 1710864723?
False
Does 11 divide 73838651?
False
Is 99 a factor of 14203878?
False
Does 12 divide 51387756?
True
Does 5851 divide 434593660?
False
Is 170 a factor of 72308046?
False
Is 7286644525 a multiple of 350?
False
Does 3582 divide 4408661124?
True
Is 11 a factor of 151206342?
False
Does 80 divide 209238988?
False
Is 284 a factor of 273389192?
True
Is 443667900 a multiple of 156?
True
Is 157702951 a multiple of 8?
False
Is 24847340 a multiple of 13?
False
Does 2786 divide 149620154?
False
Is 139418130 a multiple of 488?
False
Is 8 a factor of 62982976?
True
Is 58004847 a multiple of 2817?
True
Is 209761280 a multiple of 212?
True
Is 40 a factor of 28408240?
True
Does 272 divide 155928352?
True
Is 19031840 a multiple of 680?
True
Is 301 a factor of 125257839?
True
Is 5638 a factor of 87338258?
True
Is 78 a factor of 22836060?
True
Is 1447 a factor of 149161205?
False
Does 252 divide 392816028?
False
Is 193663149 a multiple of 1964?
False
Is 59 a factor of 368137168?
False
Does 20 divide 6336400?
True
Does 394 divide 375023370?
False
Is 8 a factor of 4095808?
True
Is 2377511 a multiple of 356?
False
Is 11 a factor of 69880559?
False
Is 27 a factor of 46058679?
True
Is 4823111 a multiple of 18?
False
Does 87 divide 63122295?
False
Is 2302 a factor of 1217492167?
False
Is 2 a factor of 1019708?
True
Is 348 a factor of 40633858?
False
Is 21 a factor of 326149593?
True
Is 1923401088 a multiple of 504?
True
Is 3235247 a multiple of 54?
False
Does 417 divide 5064297537?
False
Does 1096 divide 40500488?
True
Does 309 divide 341520?
False
Does 167 divide 168802762?
False
Does 365 divide 64242026?
False
Is 6 a factor of 37100700?
True
Does 6603 divide 436052467?
False
Does 214 divide 174138072?
False
Is 67441930 a multiple of 681?
False
Does 285 divide 47845800?
True
Is 23 a factor of 45193850?
True
Is 16 a factor of 17249753?
False
Does 8049 divide 3185069790?
True
Does 76 divide 1196513188?
False
Is 2240 a factor of 93558140?
False
Does 85 divide 643968394?
False
Does 9699 divide 287252879?
False
Is 1486 a factor of 16528522?
False
Is 56841800 a multiple of 10?
True
Is 11 a factor of 574909797?
True
Does 110 divide 21241727?
False
Does 35 divide 369708831?
False
Does 568 divide 43675141?
False
Is 14056969 a multiple of 1715?
False
Does 23 divide 5317991?
True
Does 365 divide 48497915?
True
Does 72 divide 52265736?
True
Is 341 a factor of 47597297?
False
Is 214794314 a multiple of 133?
False
Is 5 a factor of 100610025?
True
Is 1111 a factor of 17180504?
True
Is 14 a factor of 5650081379?
False
Does 70 divide 6164047?
False
Is 17 a factor of 722495957?
False
Is 834 a factor of 1095788430?
True
Does 14 divide 63961240?
True
Is 1122 a factor of 55000440?
True
Does 110 divide 218842476?
False
Is 35131034 a multiple of 11?
False
Does 157 divide 49687831?
True
Is 170909846 a multiple of 2521?
False
Is 17639874 a multiple of 42?
True
Is 210 a factor of 25931406?
False
Does 769 divide 867838032?
True
Is 98331709 a multiple of 51?
False
Is 719261305 a multiple of 485?
True
Is 11321088 a multiple of 64?
True
Is 34 a factor of 222131911?
False
Does 531 divide 117456669?
True
Is 3381751 a multiple of 71?
False
Is 3881780 a multiple of 466?
True
Is 2286736247 a multiple of 7057?
False
Does 97 divide 139375129?
True
Is 252059212 a multiple of 1964?
False
Is 2266 a factor of 102575022?
True
Is 246 a factor of 671826?
True
Is 539 a factor of 447150225?
False
Does 462 divide 84156637?
False
Is 50 a factor of 81569600?
True
Is 15 a factor of 11856394?
False
Is 323 a factor of 1002158739?
False
Is 1267 a factor of 6775916?
True
Is 25107159 a multiple of 77?
True
Is 24 a factor of 1065033096?
True
Is 43 a factor of 253875256?
False
Is 44 a factor of 69001529?
False
Is 623240341 a multiple of 527?
False
Is 1024 a factor of 62451712?
True
Is 15651 a factor of 2225306133?
True
Is 44 a factor of 4534922832?
True
Is 15373056 a multiple of 16?
True
Is 56339898 a multiple of 36?
False
Is 789 a factor of 48013017?
True
Is 158424482 a multiple of 3?
False
Is 309 a factor of 466855122?
True
Does 38 divide 5997728?
False
Is 1563629794 a multiple of 45?
False
Is 20181840 a multiple of 140?
True
Is 13 a factor of 45836609?
True
Is 16 a factor of 72108863?
False
Is 23 a factor of 2945218903?
False
Is 401 a factor of 364452058?
True
Is 11 a factor of 16124786?
False
Does 1047 divide 13199529?
True
Is 24 a factor of 10457187?
False
Is 2047 a factor of 48134217?
False
Does 11 divide 2098560794?
True
Is 107 a factor of 867251948?
